 = 30 + -32. Let k be x(m). Let b(l) = -4 - 9*l + l**2 + 10*l - 2. What is b(k)?
-6
Let h(k) = -k**3 + 14*k**2 - 15*k + 16. Suppose 0 = 5*l - l + 2*f - 44, 5*f = -l - 7. Determine h(l).
-10
Let s = -53 - -84. Suppose -s*y - 14 = -29*y. Let v(a) = a**2 + 7*a + 9. Calculate v(y).
9
Let o(k) = -k**3 - 2*k**2 + 1. Suppose -26*i = -14*i + 36. Calculate o(i).
10
Let n(o) be the second derivative of o**3/6 + 3*o**2/2 - 218*o - 2. Let x(m) = m**2 + 2*m. Let l be x(-2). Let u = 4 + l. What is n(u)?
7
Let o(l) = -l**3 + 6*l**2 - 5*l - 7. Let n be o(5). Let v(h) = 5*h**2 + 3*h + 1. Let x(m) = 7*m**2 + 7*m + 2. Let q(p) = 4*v(p) - 3*x(p). Calculate q(n).
12
Let w(n) = -9*n**3 + 20*n**2 - 6*n - 11. Let f(s) = 11*s**3 - 21*s**2 + 7*s + 10. Let v(t) = 5*f(t) + 6*w(t). What is v(-15)?
-1
Let f(h) = 7*h + 3. Let u = -183 + 181. Determine f(u).
-11
Suppose -11 = 5*q - 16. Let c(y) = y - 1. Let x(j) = -2*j + 7. Let l(u) = q*x(u) + 5*c(u). Let g be ((-1)/2)/(2/12). Determine l(g).
-7
Let q be ((-3)/2)/(2/4). Let x(m) = 131 - 126 + 3*m**2 - 8*m + m**3 + 7*m. Let u be x(q). Let a(f) = f**3 - 9*f**2 + 10*f - 11. What is a(u)?
5
Let r(h) = 4*h**3 - h. Let t(v) = -v**2 + 2874*v - 2867*v - 4*v**3 - 1 + 3*v**3 + 3*v**2 + 4*v**2. Let f be (-7*2)/(-2) - 0. Let q be t(f). What is r(q)?
-3
Let y be 238/34*(-1)/((-7)/3). Let j(o) = -y - 5 - 8*o + 2 - o**2 + 0. Calculate j(-7).
1
Let g(k) = k**3 + 10*k**2 + 4. Let m = -749 + 739. What is g(m)?
4
Let g(p) = 2*p**3 - 2*p + 3. Let a(n) = -n**3 - 11*n**2 - 10*n + 8. Let k be a(-9). Let v be (k/48)/((-2)/3). Determine g(v).
15
Let p(j) = j**2 + 12*j + 2. Let z(b) = 2*b**2 + 21*b + 6. Let g(l) = -5*p(l) + 3*z(l). What is g(-3)?
8
Let z(j) be the first derivative of j**4/4 - 10*j**3/3 - 6*j**2 + 16*j + 60. What is z(11)?
5
Let z(f) = -6*f - 6. Let m be z(-3). Let d = 5 - m. Let w(g) = -g**2 - 8*g - 9. Determine w(d).
-2
Let v(i) be the first derivative of 1 + 6 - i**2 + 9*i - 23 + 10. Calculate v(7).
-5
Let t(d) = -d**2 + d + 9. Let q be (-10 - -4)/(0/3 - 2). Suppose -v + q*v = 0. What is t(v)?
9
Let r(q) be the first derivative of q**4/4 + q**3/3 - 2*q - 1. Suppose 8 = -2*c + 4*p, -5*c + 4*p - p + 8 = 0. Suppose -b - c*b = -0*b. What is r(b)?
-2
Let w be (-30)/(-4) + 25/(-10) + 3. Let x(v) = -w*v - v**2 + 10 - 17 + 5. Determine x(-8).
-2
Let n(a) = -a**2 + a - 1. Let b(i) = -3*i**2 + 9*i - 6. Let z(r) = -b(r) + 4*n(r). Calculate z(-3).
8
Let w(h) be the first derivative of h**2 + 4*h - 1. Suppose -7*l + 123 = -48*l. What is w(l)?
-2
Let m = 11 - 13. Let y be (5/m)/(2/4). Let t(h) = 10*h - 12. Let l(k) = 3*k - 4. Let j(s) = 7*l(s) - 2*t(s). What is j(y)?
-9
Let z be ((-8)/(-2) - 3)/((-2)/(-20)). Let m(u) = -2*u**2 + 22*u - 14. Give m(z).
6
Let m(f) = -4*f + f**3 - 5*f**2 - 129 + 123 - f**2. What is m(7)?
15
Let h(z) = 16*z**2 - z - 1. Let r(n) = 25*n + 99. Let p be r(-4). Calculate h(p).
16
Let h be (245/(-25))/(-1) + (-1)/(-5). Let d(k) = -3*k - h + 0*k - k + 3*k. Determine d(-6).
-4
Suppose 5 = -3*b + 2*z + 21, -3*b + 1 = z. Suppose -2*r - 13 = i, -3*r - 41 = 3*i + b*r. Let v = i - -21. Let w(q) = -q**3 + 3*q**2 + 3*q + 5. Determine w(v).
1
Let m(f) = -f**2 + 11 + 4 - 3 - 2*f + f + 4*f. Determine m(6).
-6
Let k(u) = 2*u**2 + 1. Let m be k(-1). Let f be m*(33/9 - 3). Let a be 1 + -3*f + 1. Let w(q) = 2*q**2 + 5*q - 4. What is w(a)?
8
Let c(v) be the second derivative of v**5/20 + 7*v**4/12 - v**3/3 - 9*v**2/2 + 2*v + 36. Determine c(-7).
5
Let y(h) = -13*h**2 - h + 1. Let i = -12 - -21. Let a = i - 5. Suppose 18 = 3*v - 5*x, -4*v - a*x - 5 = -x. Calculate y(v).
-13
Let l(m) be the first derivative of m**2/2 + 5*m + 142. Give l(-9).
-4
Let a(w) = -4*w**3 - 2*w**2 + w. Let r(p) = p**2 + p + 1. Let l be r(2). Suppose -3*x + l = -17. Let c(u) = -u + 9. Let v be c(x). Calculate a(v).
-5
Let v(u) be the first derivative of u**3/3 + 4*u**2 + 3*u + 273. Calculate v(-8).
3
Suppose 10 = -j - o, -8 = 2*j + 154*o - 155*o. Let z(r) = -3*r - 15. Calculate z(j).
3
Suppose -2*k - 3*k + 2*n + 27 = 0, 5*k - 4*n - 29 = 0. Suppose -3*f + 4*f = -k*l - 21, 0 = -2*f - l - 15. Let v(z) = -z**2 - 6*z + 7. What is v(f)?
7
Let j(k) be the third derivative of -k**6/120 + k**5/10 + 5*k**4/24 + k**3 + 816*k**2. What is j(7)?
-8
Let q(g) = -3*g**2 - 16*g - 25. Let p(d) = 10*d**2 + 49*d + 75. Let k(j) = 2*p(j) + 7*q(j). What is k(-13)?
-12
Let y(u) = 23*u**3 - 8*u**2 + 2*u + 1. Let x(g) = -29*g**3 + 8*g**2 - 3*g - 2. Let v(p) = 4*x(p) + 5*y(p). Determine v(-8).
13
Let x(y) = y**3 + 7*y**2 + 6*y + 5. Suppose 0 = 3*l + 2*k + 21 + 3, -3 = k. What is x(l)?
5
Let z(w) = w**2 + 0*w - 3*w - w. Let a be 80*1/2 - 5. Let m be (-4)/(-5) + (504/a)/12. What is z(m)?
-4
Let x be (2 - 1)/(2/2). Let u(s) = -s. Let z(a) = -6*a**3 + 2*a**2 + a + 1. Let t(n) = 2*n**2 - 4*n + 3. Let r be t(2). Let j(g) = r*u(g) + z(g). Give j(x).
-5
Let y(t) be the first derivative of -t**4/4 + 7*t**3/3 - 3*t**2 + t + 20. Calculate y(6).
1
Let m(b) = 10*b. Let u(f) = -2*f + 21. Suppose 6*w = 1 + 59. Let y be u(w). Give m(y).
10
Let k be -4 + ((-492)/30 - (-6)/(-10)). Let v(i) = -i**3 - 22*i**2 - 20*i + 31. Give v(k).
10
Let c(j) = -4*j**2 - 9*j + 3. Let n(p) = 7*p**2 + 17*p - 7. Let z(x) = -5*c(x) - 3*n(x). Let v be 3 + 0/(-2 + 1). Suppose -v*f = -4*f - 5. What is z(f)?
11
Suppose 4*n = -16, -3*o - 2*o + 4*n + 26 = 0. Suppose 4*u - o*b = 29 + 13, 3*u + 4*b - 26 = 0. Let s(l) = -3*l - 18*l**2 + 17*l**2 - 5 + u*l. Calculate s(6).
1
Let g be 2*(-3 + (-1 - 3/3)). Let f be -5 + (-20)/25 + 2/g. Let u(o) = o**3 + 7*o**2 + 6*o + 3. Give u(f).
3
Let k(o) be the third derivative of o**7/2520 - o**6/80 + o**5/20 + o**4/2 + o**3/6 - 2*o**2 - 9*o. Let s(d) be the second derivative of k(d). Give s(9).
6
Let a(u) = 17*u. Let c(w) = -6*w. Let y(k) = a(k) + 3*c(k). Let r be -1 - -2 - -1 - 1. Let v = 1 - r. What is y(v)?
0
Let l(y) = y**2 + 7*y + 9. Let b be l(-5). Let m(o) = 6*o**2 - 2. Let p be m(-2). Let d(z) = -p*z + 23*z - 3 + 4 - 5*z**2. Give d(b).
-5
Let j(p) = p**3 + 8*p**2 - 11*p - 1. Let x(r) = 2*r**3 + 15*r**2 - 20*r - 1. Let f(k) = 5*j(k) - 3*x(k). Calculate f(-6).
4
Let c(v) = -1 + 3*v**2 + v**3 + 4 - 11*v**2 - 9. Suppose 39 = 4*i + 7. Determine c(i).
-6
Let h = -13 - -20. Let i(r) = -7*r**2 - 14*r + 11. Let j(u) = 8*u**2 + 15*u - 11. Let b(t) = h*i(t) + 6*j(t). Give b(-9).
2
Let g(q) = -6*q**3 - 2 + 3*q - q**2 - q**3 + 6*q**3 + 0*q**3. Give g(-3).
7
Let p = 4 - 14. Let w be (8/p)/((-2)/20). Let c be -5*w/(-20) + -3. Let s(k) = 6*k + 1. What is s(c)?
-5
Let a(v) be the first derivative of -v**4/4 + 4*v**3/3 + 3*v**2/2 + 5*v + 6. Calculate a(5).
-5
Let j(u) = -2*u - 6*u - u - u**2 + 2*u + 2. Let o(w) = -w**2 + 7*w + 2. Let f = -10 - -18. Let l be o(f). Determine j(l).
8
Let g(v) = 4*v - 7. Let w(i) = -3*i + 6. Let r(s) = -5*g(s) - 6*w(s). Let c be (4/5)/((-5)/25). Determine r(c).
7
Let q(c) = -c**3 - 16*c**2 - 15*c - 17. Suppose 0 = 3*m - 113 + 158. Determine q(m).
-17
Let g(a) = -15*a - 33. Let f(z) = 7*z + 17. Let s(k) = 9*f(k) + 4*g(k). Let x be s(-7). Let i(y) = y**3 - y**2 - y - 6. Give i(x).
-6
Let p(r) be the first derivative of -r**3/3 + 7*r**2/2 - 2*r + 1. Let q(g) = -3*g**2 + 8. Let f be q(-4). Let l be (-18)/4*f/30. Give p(l).
4
Let v = 31 - 1. Suppose r - 5*r - v = b, r - 4*b = 1. Let y(q) = -q**2 - 8*q - 3. What is y(r)?
4
Suppose -12*g + 2*f + 17 = -9*g, 3*g + 5*f + 11 = 0. Let z(o) = -33*o**2 + o**3 - 4 + 10*o**2 - 7*o - 2*o**g + 18*o**2. Give z(-4).
8
Let t(v) = v + 5. Let n be 8*(1 - 0)*8/(-8). Determine t(n).
-3
Let p be (-4)/(-5)*(-15)/(-6). Let h(u) be the second derivative of -u**3/6 + u**2 + 37*u - 2. Calculate h(p).
0
Let w(o) = -4 - 21*o - 17*o + 56*o - 21*o. Let v(p) = 2 + 1 - 7 - 1 - 3*p. Let b(u) = -5*v(u) + 6*w(u). Determine b(1).
-2
Let m(k) be the third derivative of k**5/60 + k**4/8 - k**3/2 + 10*k**2 + 8*k. Calculate m(-2).
-5
Let o(w) = 14*w - 15*w + 39 - 124 + 40 + 46. Calculate o(-7).
8
Let y(z) be the second derivative of z**6/360 + z**5/60 - z**4/4 - 13*z**3/6 + z. Let f(w) be the second derivative of y(w). Give f(-5).
9
Let f(g) be the first derivative of 35*g**2/2 - 11*g + 18. Let m(u) = 7*u - 2. Let w(l) = 2*f(l) - 11*m(l). What is w(-1)?
7
Suppose 5 = 2*c + 3. Let a be (-4)/(-8)*6 + c. Let j(n) = -n**2 + n + 2. Determine j(a).
-10
Suppose 2*d + 1 = 5. Let t(r)